{"id":3472,"date":"2022-06-13T11:57:57","date_gmt":"2022-06-13T09:57:57","guid":{"rendered":"https:\/\/gemeinde-auf-augenhoehe.de\/aviso-legal\/"},"modified":"2022-06-13T11:57:57","modified_gmt":"2022-06-13T09:57:57","slug":"aviso-legal","status":"publish","type":"page","link":"https:\/\/gemeinde-auf-augenhoehe.de\/es\/aviso-legal\/","title":{"rendered":"Aviso legal"},"content":{"rendered":"\n<p><strong>Editor<\/strong><\/p>\n\n<figure class=\"wp-block-image size-full is-resized\"><img decoding=\"async\" src=\"https:\/\/gemeinde-auf-augenhoehe.de\/wp-content\/uploads\/2021\/06\/ejw-scaled.jpg\" alt=\"https:\/\/globallocal.de\/wp-content\/uploads\/2021\/04\/ejw_4c_schwarz-300x94.jpg\" class=\"wp-image-370\" width=\"214\" height=\"67\" srcset=\"https:\/\/gemeinde-auf-augenhoehe.de\/wp-content\/uploads\/2021\/06\/ejw-scaled.jpg 2560w, https:\/\/gemeinde-auf-augenhoehe.de\/wp-content\/uploads\/2021\/06\/ejw-300x95.jpg 300w, https:\/\/gemeinde-auf-augenhoehe.de\/wp-content\/uploads\/2021\/06\/ejw-1024x325.jpg 1024w, https:\/\/gemeinde-auf-augenhoehe.de\/wp-content\/uploads\/2021\/06\/ejw-768x244.jpg 768w, https:\/\/gemeinde-auf-augenhoehe.de\/wp-content\/uploads\/2021\/06\/ejw-1536x487.jpg 1536w, https:\/\/gemeinde-auf-augenhoehe.de\/wp-content\/uploads\/2021\/06\/ejw-2048x650.jpg 2048w\" sizes=\"(max-width: 214px) 100vw, 214px\" \/><\/figure>\n<p>Oficina de juventud protestante de W\u00fcrttemberg<br\/>Haeberlinstra\u00dfe 1-3<br\/>D-70563 Stuttgart<\/p>\n\n<p>Tel\u00e9fono: +49711-9781-0<br\/>Fax: +49711-9781-0<br\/>E-mail: <a href=\"mailto:info@ejwue.de\">info@ejwue.de<\/a><br\/>Web: <a href=\"http:\/\/www.ejwue.de\/\" target=\"_blank\" rel=\"noreferrer noopener\">http:\/\/www.ejwue.de<\/a><\/p>\n\n<p><strong>Cuenta para donaciones<\/strong><\/p>\n\n<p>Evangelisches Jugendwerk W\u00fcrttemberg<br\/>Evangelische Bank eG<br\/>IBAN: DE425 206 041 00000 405 485<br\/>BIC\/SWIFT: GENODEF1EK1<br\/>Centro de costes 84241 Gemeinde auf Augenh\u00f6he<\/p>\n\n<p><strong>Titular<\/strong><\/p>\n\n<p>La Oficina de juventud protestante de W\u00fcrttemberg es una instituci\u00f3n legalmente dependiente de la iglesia protestante de la regi\u00f3n de W\u00fcrttemberg, un cuerpo legislativo p\u00fablico.<\/p>\n\n<p>N\u00famero de identificaci\u00f3n fiscal: 99153\/00033<\/p>\n\n<p>CIF: DE147793714<\/p>\n\n<p>Director general autorizado:<br\/>Friedemann Berner<\/p>\n\n<p>Responsable del contenido de globallocal.de (en referencia al derecho de prensa)<\/p>\n\n<p>Reinhold Krebs <br\/>Tel\u00e9fono: +49711-9781-275<br\/>E-mail: <a href=\"mailto:reinhold.krebs@ejwue.de\">reinhold.krebs@ejwue.de<\/a><\/p>\n\n<p>Dise\u00f1o y desarrollo de la web: <a href=\"https:\/\/www.rolfkrueger.net\" data-type=\"URL\" data-id=\"https:\/\/www.rolfkrueger.net\" target=\"_blank\" rel=\"noreferrer noopener\">Rolf Kr\u00fcger<\/a><br\/>Dise\u00f1o del logo: <a href=\"https:\/\/visualwerk.com\" data-type=\"URL\" data-id=\"https:\/\/visualwerk.com\" target=\"_blank\" rel=\"noreferrer noopener\">Heidi Frank<\/a><\/p>\n","protected":false},"excerpt":{"rendered":"<p>Editor Oficina de juventud protestante de W\u00fcrttembergHaeberlinstra\u00dfe 1-3D-70563 Stuttgart Tel\u00e9fono: +49711-9781-0Fax: +49711-9781-0E-mail: info@ejwue.deWeb: http:\/\/www.ejwue.de Cuenta para donaciones Evangelisches Jugendwerk W\u00fcrttembergEvangelische Bank eGIBAN: DE425 206 041 00000 405 485BIC\/SWIFT: GENODEF1EK1Centro de costes 84241 Gemeinde auf Augenh\u00f6he Titular La Oficina de juventud protestante de W\u00fcrttemberg es una instituci\u00f3n legalmente dependiente de la iglesia protestante de la regi\u00f3n [&hellip;]<\/p>\n","protected":false},"author":1,"featured_media":0,"parent":0,"menu_order":0,"comment_status":"closed","ping_status":"closed","template":"","meta":{"footnotes":""},"class_list":["post-3472","page","type-page","status-publish","hentry"],"_links":{"self":[{"href":"https:\/\/gemeinde-auf-augenhoehe.de\/es\/wp-json\/wp\/v2\/pages\/3472","targetHints":{"allow":["GET"]}}],"collection":[{"href":"https:\/\/gemeinde-auf-augenhoehe.de\/es\/wp-json\/wp\/v2\/pages"}],"about":[{"href":"https:\/\/gemeinde-auf-augenhoehe.de\/es\/wp-json\/wp\/v2\/types\/page"}],"author":[{"embeddable":true,"href":"https:\/\/gemeinde-auf-augenhoehe.de\/es\/wp-json\/wp\/v2\/users\/1"}],"replies":[{"embeddable":true,"href":"https:\/\/gemeinde-auf-augenhoehe.de\/es\/wp-json\/wp\/v2\/comments?post=3472"}],"version-history":[{"count":1,"href":"https:\/\/gemeinde-auf-augenhoehe.de\/es\/wp-json\/wp\/v2\/pages\/3472\/revisions"}],"predecessor-version":[{"id":3474,"href":"https:\/\/gemeinde-auf-augenhoehe.de\/es\/wp-json\/wp\/v2\/pages\/3472\/revisions\/3474"}],"wp:attachment":[{"href":"https:\/\/gemeinde-auf-augenhoehe.de\/es\/wp-json\/wp\/v2\/media?parent=3472"}],"curies":[{"name":"wp","href":"https:\/\/api.w.org\/{rel}","templated":true}]}}

<p><strong>Editor</strong></p>

<figure class="wp-block-image size-full is-resized"><img decoding="async" src="https://gemeinde-auf-augenhoehe.de/wp-content/uploads/2021/06/ejw-scaled.jpg" alt="https://globallocal.de/wp-content/uploads/2021/04/ejw_4c_schwarz-300x94.jpg" class="wp-image-370" width="214" height="67" srcset="https://gemeinde-auf-augenhoehe.de/wp-content/uploads/2021/06/ejw-scaled.jpg 2560w, https://gemeinde-auf-augenhoehe.de/wp-content/uploads/2021/06/ejw-300x95.jpg 300w, https://gemeinde-auf-augenhoehe.de/wp-content/uploads/2021/06/ejw-1024x325.jpg 1024w, https://gemeinde-auf-augenhoehe.de/wp-content/uploads/2021/06/ejw-768x244.jpg 768w, https://gemeinde-auf-augenhoehe.de/wp-content/uploads/2021/06/ejw-1536x487.jpg 1536w, https://gemeinde-auf-augenhoehe.de/wp-content/uploads/2021/06/ejw-2048x650.jpg 2048w" sizes="(max-width: 214px) 100vw, 214px" /></figure>
<p>Oficina de juventud protestante de Württemberg<br/>Haeberlinstraße 1-3<br/>D-70563 Stuttgart</p>

<p>Teléfono: +49711-9781-0<br/>Fax: +49711-9781-0<br/>E-mail: <a href="mailto:info@ejwue.de">info@ejwue.de</a><br/>Web: <a href="http://www.ejwue.de/" target="_blank" rel="noreferrer noopener">http://www.ejwue.de</a></p>

<p><strong>Cuenta para donaciones</strong></p>

<p>Evangelisches Jugendwerk Württemberg<br/>Evangelische Bank eG<br/>IBAN: DE425 206 041 00000 405 485<br/>BIC/SWIFT: GENODEF1EK1<br/>Centro de costes 84241 Gemeinde auf Augenhöhe</p>

<p><strong>Titular</strong></p>

<p>La Oficina de juventud protestante de Württemberg es una institución legalmente dependiente de la iglesia protestante de la región de Württemberg, un cuerpo legislativo público.</p>

<p>Número de identificación fiscal: 99153/00033</p>

<p>CIF: DE147793714</p>

<p>Director general autorizado:<br/>Friedemann Berner</p>

<p>Responsable del contenido de globallocal.de (en referencia al derecho de prensa)</p>

<p>Reinhold Krebs <br/>Teléfono: +49711-9781-275<br/>E-mail: <a href="mailto:reinhold.krebs@ejwue.de">reinhold.krebs@ejwue.de</a></p>

<p>Diseño y desarrollo de la web: <a href="https://www.rolfkrueger.net" data-type="URL" data-id="https://www.rolfkrueger.net" target="_blank" rel="noreferrer noopener">Rolf Krüger</a><br/>Diseño del logo: <a href="https://visualwerk.com" data-type="URL" data-id="https://visualwerk.com" target="_blank" rel="noreferrer noopener">Heidi Frank</a></p>

<p>Editor Oficina de juventud protestante de WürttembergHaeberlinstraße 1-3D-70563 Stuttgart Teléfono: +49711-9781-0Fax: +49711-9781-0E-mail: info@ejwue.deWeb: http://www.ejwue.de Cuenta para donaciones Evangelisches Jugendwerk WürttembergEvangelische Bank eGIBAN: DE425 206 041 00000 405 485BIC/SWIFT: GENODEF1EK1Centro de costes 84241 Gemeinde auf Augenhöhe Titular La Oficina de juventud protestante de Württemberg es una institución legalmente dependiente de la iglesia protestante de la región [&hellip;]</p>
